 + f**3/6 + 534*f**2. Let p = -13 - -12. Calculate i(p).
11
Let g(q) = -q**3 - 11*q**2 + 9*q - 12. Suppose 29 = -2*x - k, 20 = -k + 15. Determine g(x).
24
Let h(l) be the first derivative of -3*l**2/2 + 7*l + 255. Give h(-4).
19
Let m(s) be the third derivative of s**5/60 + s**4/12 + 2*s**3/3 - 10*s**2 + 41*s - 3. Let j = 5 - 7. Calculate m(j).
4
Suppose -33*b - 27 = -60*b. Let i(a) = a**3 + 6*a**2 - 9*a**2 + b - a**2 + 1 - 5*a + a**2. What is i(4)?
-2
Let q(c) = c**3 + 3*c**2 - 2*c + 6. Suppose 5*h + 55 = j + 84, -2*h - 2 = 3*j. Give q(j).
-2
Let z(g) be the third derivative of g**6/120 + 7*g**5/60 - g**4/4 + 11*g**3/3 + 6665*g**2 + g. Calculate z(-9).
-86
Let q(r) = -243*r + 97. Let k(p) = 85*p - 32. Let d(i) = -17*k(i) - 6*q(i). Calculate d(4).
14
Let d(o) = -o**2 + 2*o + 17. Let a(k) = k**2 - 3*k - 16. Let x(t) = -2*t**2 - 53*t - 31. Let w be x(-26). Let y(m) = w*a(m) - 4*d(m). Determine y(9).
-6
Let r(x) = -x**3 + 4*x**2 - 2. Let s(m) = -m**3 + 10*m**2 - 6*m - 23. Let j = -118 - -127. Let z be s(j). Calculate r(z).
-2
Let r(d) be the third derivative of 4*d**4/3 - 21*d**2. Suppose 28*l + 3*l + 31 = 0. Calculate r(l).
-32
Let p be (-7)/(-5) + 2 + (-2)/5. Let v(g) = 6 - 2*g + p + 0 - 7*g + g**2. Let f = -205 + 212. What is v(f)?
-5
Let c(v) = -17*v**2. Let t(u) = -u**2 - 8*u + 8. Let m be t(-9). Let p be (-418)/11 - (m - -2). Let j = -38 - p. Determine c(j).
-17
Let w(d) = 97 + 56 + 181*d - 158*d - d**3 + 33 - 8*d**2. Calculate w(-8).
2
Let z(a) = 19*a**2 - 24*a - 316. Let w(l) = -7*l**2 + 8*l + 105. Let t(c) = -8*w(c) - 3*z(c). Let n be t(-7). Let i(k) = 0 + k + 0 - 4*k + k**2 + 2. Give i(n).
2
Let y(z) be the first derivative of -3*z**2/2 - 4*z + 46. Let q be (-12)/7*7*-1. Suppose -q = 5*p - p + 4*a, -3*p = 2*a + 11. Determine y(p).
11
Suppose d = 2*a - 44, 5*a - 6*d = -d + 105. Let q(i) = a*i + 24*i - 14 - 67*i + 17*i. What is q(-5)?
1
Let i(a) be the second derivative of a**4/3 + 10*a**3/3 - 3*a**2 - 475*a + 5. Determine i(-6).
18
Let g be (-8)/(-34) - (-52)/1547*231. Let p(n) = 2*n**2 - 4*n**2 + 3*n**2 - 12*n + 4. Determine p(g).
-28
Let q(u) = -u + 6286 + 5766 - 12066. Suppose 4*k = -62 + 10. What is q(k)?
-1
Let p(v) = 55*v + 59*v - 173*v - 11 + 60*v. Determine p(2).
-9
Let j = 703 - 710. Let t(w) = w**2 - w. Let x be t(0). Let b(s) = 18 + 2*s + x*s - 20 - 4*s. Determine b(j).
12
Let c(w) = -3*w**3 + 3*w**2 + w - 2. Suppose -35 = -6*b + b. Let n be (-10)/(-7) - (-4)/b. Determine c(n).
-12
Suppose 32*h = 27*h - 45. Let j be (3/h)/((-1)/15). Suppose -j*v - 4*v = 54. Let d(y) = y**2 + 5*y - 7. Determine d(v).
-1
Let a(c) = -357*c - 707. Let u be a(-2). Let n(p) be the second derivative of 1/6*p**3 + 0 + 7/2*p**2 + 2*p. What is n(u)?
14
Suppose 86*a = 128*a + 378. Let p(z) = -z**3 - 8*z**2 + 13*z + 4. What is p(a)?
-32
Suppose -3*x + 23 = -0*x + 8. Let c(q) = 3*q - 22. Calculate c(x).
-7
Let h(a) = -58*a + 12 + 49*a - 43 - 3 - a**2 + 17. Determine h(-5).
3
Let g be 10 + (-88)/(20 - 9). Let s(c) be the second derivative of 0 - 32*c + 4*c**g - 1/3*c**3. Calculate s(9).
-10
Let u(h) = -6*h - 9. Let c be (-110)/(-15)*(33/(-30) + (-2)/5). Calculate u(c).
57
Let z = 2858 + -2854. Let q(d) = -3*d + 2. Calculate q(z).
-10
Let g(d) = -d**2 - 5*d - 3. Let w be 1 + (1 - 0) + (-32)/(-16). Suppose 0 = -4*r - w - 8. Give g(r).
3
Suppose -10*j - 28 = -118. Let w(d) = 3*d + 6*d + 31 - 61 - d**2 + 37. Calculate w(j).
7
Let r(i) = 8*i - 67. Let k be (4/20)/((-756)/765 + 1 - 0). What is r(k)?
69
Let m(q) = -q**3 - 15*q**2 - 58*q - 30. Let f be m(-9). Let z(x) = -x + 1. Let k(c) = c**3 - 6*c**2 + c - 2. Let i(l) = k(l) + 2*z(l). Give i(f).
-6
Let o(a) be the first derivative of a - 7/2*a**2 + 233. Determine o(7).
-48
Let v(y) be the second derivative of y**4/12 + 16*y**3/3 + 16*y**2 + 2*y + 4494. Calculate v(-1).
1
Let p(l) = -9*l**3 + l. Let y be p(-1). Let a(k) be the third derivative of k**4/12 - 7*k**3/2 - 2*k**2 - 302. Calculate a(y).
-5
Let m(w) = 8*w**3 - w**2 + 2*w - 3*w + 0*w**2 - 3*w**3. Let i = 15 + -12. Suppose i = 180*h - 183*h. Calculate m(h).
-5
Let z(j) = 7*j**2 + 258*j - 28. Let q be z(-37). Let g(b) = b**2 - 15*b + 63. Determine g(q).
9
Let d be 6/((245/(-28))/(-5) - 2/(-8)). Let w(v) = v**2 - 16. Give w(d).
-7
Let a(d) be the second derivative of -d**6/120 + 11*d**5/60 + d**4/2 + 5*d**3/6 + 97*d**2/2 - 99*d. Let x(l) be the first derivative of a(l). Determine x(12).
5
Let i be (-8)/48 - 122/(-12). Let l(f) be the second derivative of f**3/6 - 15*f**2/2 - 2*f - 186. Determine l(i).
-5
Let p(x) = -3*x**2 - 2*x - 1. Let h(f) = 13*f**2 + 31*f - 108. Let q(m) = h(m) + 4*p(m). Calculate q(-27).
-4
Let t(z) = 2*z**2 + 4*z + 3. Let v = -230 + 243. Suppose -7*u + 12 = -v*u. Calculate t(u).
3
Let g(c) be the first derivative of c**4/4 + 26*c**3/3 + 25*c**2/2 - 10*c + 2262. Determine g(-25).
-10
Let t be (-242)/18 + 672/1512. Let l(u) = u - 22. Determine l(t).
-35
Let x(g) = 72*g + 644. Let z(b) = -35*b - 322. Let m(w) = 6*x(w) + 11*z(w). Calculate m(-7).
-7
Let a be (-24)/(-2)*((-250)/20 + 12). Let t(j) = 2*j**2 + 6*j + 5. Give t(a).
41
Let b(y) = y**3 - 13*y - 2. Let r(h) = 4*h**3 - 16*h**2 - 95*h - 13. Let q(n) = 3*b(n) - r(n). What is q(19)?
-12
Let c(y) be the second derivative of -y**4/12 + 17*y**3/6 - 22*y**2 - 27*y - 4. Determine c(14).
-2
Let y(r) = r + 4. Let b(t) = 11*t + 206. Let z(v) = -b(v) + 6*y(v). Calculate z(-37).
3
Let o(g) = 10*g**2 - g**3 - 12 + 0*g**3 + 3*g - g. Let x = 24635 + -24625. Give o(x).
8
Let m(u) = -34*u + 17 - 18 + 38*u - u**2. Let q(c) = -c**2 + 4*c. Let p(k) = k**2 + 2*k + 3. Let j be p(-3). Let n(l) = j*m(l) - 5*q(l). Give n(6).
-18
Let h(j) be the second derivative of 8*j**3/3 + 5*j**2 + 4063*j. Calculate h(-4).
-54
Let j(s) = -s**3 + 6*s**2 + 4*s + 6. Let r(p) = 6*p**2 - p + 2. Let k be 0 + 0 + 18/9. Let o = -1 + k. Let a be r(o). What is j(a)?
-15
Let z(y) = -2*y**2 - 45*y - 109. Let f(k) = k**2 + 22*k + 55. Let j(m) = -5*f(m) - 3*z(m). Let h = 92294 + -92317. Calculate j(h).
6
Let f(b) = -b + 13. Let h be f(-6). Let j(l) = -l + 21. Let u be j(h). Let m be u/(-7) - (-1 + (-220)/35). Let d(q) = q - 1. Give d(m).
6
Let r(b) = -10*b**2 + 1. Suppose 20 = -2*p - 5*v + 102, 102 = 3*p - 3*v. Suppose 6*w - p = 276. Suppose -o + w - 53 = 0. What is r(o)?
-9
Let a(p) = p**2 + 5*p + 12. Let r = 1992 + -1999. Calculate a(r).
26
Let o(m) = -3*m**2 + 2*m - 5. Let v = 2345 + -2341. What is o(v)?
-45
Let x(p) = -p**3 - 23*p**2 + 26*p + 54. Suppose -5398 = 5*r - 5278. What is x(r)?
6
Let w(z) = -16*z + 4*z + 8*z + 10*z + 4*z. Determine w(1).
10
Suppose 11 = 3*p - h - 4*h, 4*p - 11 = 3*h. Let b(a) = -4*a - 2*a + 7 + p*a + 5*a. Suppose 0 = 2*v + 3*t + 4, 0 = 2*t - 2 - 2. Determine b(v).
2
Let q(z) = -5*z + 7. Let n(x) = 7*x - 11. Let t(j) = -5*n(j) - 8*q(j). Let b = -66056 - -66063. Determine t(b).
34
Let d(y) be the second derivative of 7*y**3/3 - 3*y**2 - 2417*y. What is d(-1)?
-20
Let o(l) be the second derivative of l**3 - 3*l**2 + l. Let p be 1/4*(-1840)/115. Calculate o(p).
-30
Let g(y) = -2*y**3 + 22*y**2 - 22*y - 4. Let b(w) = -w**3 + 11*w**2 - 12*w - 3. Let k(n) = 5*b(n) - 3*g(n). Give k(4).
-91
Let i(p) = p**3 + 4*p**2 + 2*p - 4. Let c = -561 + 587. Suppose 86 - c = -15*s. What is i(s)?
-12
Let a = 613 - 562. Suppose a*k - 50*k - 2 = 0. Let f(q) = -15*q + 3. What is f(k)?
-27
Let w be (-3 - -7)/(-4)*1. Let x(c) be the first derivative of -3*c**4/4 - c**2/2 - c - 160. Let s be x(w). Let z(f) = f**3 - 3*f**2 + 3*f - 3. Determine z(s).
6
Let u(k) = -k. Let y(r) = -r. Let g(d) = 2*u(d) - 3*y(d). Let j = -1 - 0. Let o(z) = -z**2 + 5*z - 6. Let n(v) = j*o(v) - 3*g(v). Give n(6).
-6
Let i(z) be the first derivative of 3*z**2/2 + 44*z + 9222. Calculate i(-15).
-1
Let f(j) = 13*j - 3. Let t(s) = -s**3 + 4*s**2 + 33*s + 2. Let v be t(-4). Give f(v).
-29
Let k(h) be the third derivative of h**5/60 + 7*h**4/24 + 7*h**3/6 - 869*h**2. Calculate k(-3).
-5
Let q(d) = 3 - 4*d + 11*d - 8 - 9*d - d. Let u(m) = -m - 5. Let i be u(-1). Calculate q(i).
7
Let f = -10870 - -10878. Let c(m) = -m**3 + 10 - 4*m**3 + 8*m**2 + 0 + 4*m**3 - m. Determine c(f).
2
Let d(z) = -z**3 - 2*z**2 + 5*z + 4. Let k be -189*(-1)/(30/(-6) + 8). Suppose 0 = k*c - 65*c - 6. What is d(c)?
-2
Let c(v) be the second derivative of -v**5/20 + 2*v**4/3 - v**3/3 - 4